 i.
11
Suppose 2*t + 64 = 4*s, 5*t - 76 = -4*s + t. Suppose 2*q - 3*v = 131, -2*q + 2*v = 6*v - 138. What is the remainder when q is divided by s?
16
Suppose y = -4*y + 70. Let o = 35 - 9. What is the remainder when o is divided by y?
12
Suppose -4*o + 0*o + b = -251, 4*b - 236 = -4*o. Let u = -44 - -65. Calculate the remainder when o is divided by u.
20
Let v(q) = -26*q - 3. Calculate the remainder when v(-3) is divided by 26.
23
Let b(l) = l**3 + 8*l**2 + 6*l + 5. Let g = -19 - -36. Calculate the remainder when b(-5) is divided by g.
16
Let o(f) = 4*f**2 + 6*f + 9. Calculate the remainder when 24 is divided by o(-2).
11
What is the remainder when 3 - (0 - (-136)/(-2)) is divided by 9?
8
Suppose -2*l + 3*l = 20. What is the remainder when 59 is divided by l?
19
Suppose m - 1 = 0, 0*m - 2*m + 2 = -5*r. Suppose 0 = x - r - 13. Calculate the remainder when 24 is divided by x.
11
Let a(r) = -5*r + 1. Suppose 3*g = -6 - 12. What is the remainder when a(g) is divided by 11?
9
Let c = -2 + 12. Suppose -17*a + 9*a = -208. Calculate the remainder when a is divided by c.
6
Suppose z + 2 = 20. What is the remainder when z is divided by 4?
2
Suppose 7 = u - 7. Calculate the remainder when 68 is divided by u.
12
Let z = 18 - 4. Let i(n) = n**2 + 41. Suppose 0 = -0*x - 3*x. Calculate the remainder when i(x) is divided by z.
13
Let d(j) = 13*j - 1. Calculate the remainder when d(2) is divided by 14.
11
Calculate the remainder when 137 is divided by (4/(-8))/(4/(-184)).
22
Let u = 18 + -17. Let w = 18 - u. Calculate the remainder when 48 is divided by w.
14
Suppose 6 = -3*x + 18. Let q be 1/3 - x/3. What is the remainder when 5 - -3 - (q + 0) is divided by 5?
4
Let f = 63 - 38. Let b = 1 + 4. Calculate the remainder when f is divided by 5/(b/16) + -3.
12
Let v = 27 + -14. What is the remainder when 515/10 + 1/(-2) is divided by v?
12
Let t = -6 - 9. Let c = -11 - t. Calculate the remainder when 9 is divided by c.
1
Suppose 35 = 2*o - 3*t - 23, -t = 2*o - 74. Calculate the remainder when o is divided by 12*(1 + 2/4).
17
Let d(a) = a**3 + 5*a**2 - 8*a - 1. Suppose -7*r = -29 - 265. Calculate the remainder when r is divided by d(-6).
9
Let j(r) = -2*r**2 - 7. Let b be j(6). Let u = -14 - b. What is the remainder when u is divided by 22?
21
Suppose 5*l = -p - 47, 2*l - 2*p = -11 - 3. What is the remainder when 23 + 0*3/l is divided by 12?
11
Let o = 60 - 47. What is the remainder when 84 is divided by o?
6
Let k(m) = m + 4. Let u be k(9). Calculate the remainder when 54 is divided by 249/u - 2/13.
16
Let y be ((0/1)/2)/(-2). Suppose y*s + 32 = 2*s. Calculate the remainder when 47 is divided by s.
15
Let f be (24/9)/((-14)/(-231)). Suppose -z = 2*c - 25 - f, -c - z = -37. Calculate the remainder when c is divided by 17.
15
Let k(h) = 3*h - 9. What is the remainder when k(5) is divided by 4?
2
Let h be (-1)/(150/51 + -3). Suppose r = 3 - 1. Suppose r*f - h = 9. What is the remainder when f is divided by 7?
6
Suppose -3 + 23 = 2*m. Calculate the remainder when 57 is divided by m.
7
Suppose -5*g = -g. Let u = 8 + -6. What is the remainder when 11 is divided by g + 1 + u + 0?
2
Let a(m) = -3*m**2 + 26*m + 12. Calculate the remainder when 138 is divided by a(8).
26
Suppose h = -9*h + 30. What is the remainder when 24 is divided by h?
0
Let a be 0 - (1 + (-10 - 2)). Suppose -2*v + a - 1 = 0. Suppose x = -u + v, 5*x - x = 4*u - 20. Calculate the remainder when 17 is divided by u.
2
Let g(s) = s + 3*s + 5*s. Calculate the remainder when g(2) is divided by 11.
7
Let l = -3 - -34. Let y = 65 - l. What is the remainder when y is divided by 12?
10
Let p(t) = t**2 + 7*t - 1. Let o = -15 - -27. Calculate the remainder when o is divided by p(-8).
5
Suppose -78 = -7*q + 5*q. Suppose -2*a + 56 = 5*v - 9, -q = -3*v - 3*a. Calculate the remainder when v is divided by 7.
6
Suppose 5*s - 12 - 8 = 0. Let u(g) = 5*g**2 - 6*g - 11. Let w be u(-6). Suppose -s*b + 9*b = w. Calculate the remainder when b is divided by 14.
13
Let o = 8 + -3. Suppose -4*l + j + 1 = 0, 0 = l - 6*l - 4*j - 4. Suppose -16 = 4*f, 5*s - 3*s - 4*f - 44 = l. What is the remainder when s is divided by o?
4
Let a(s) = -s**2 - s + 4. Let d(t) = -t - 6. Let m be d(-6). Suppose 0 = -5*h - m*h + 10. What is the remainder when a(0) is divided by h?
0
Suppose -324 = -4*a - 4*c, c + 3 = 2. What is the remainder when a is divided by 12?
10
Let j(o) = -o**2 + o + 12. Calculate the remainder when j(0) is divided by 5.
2
Suppose 0 = -5*k - 8 + 43. Calculate the remainder when 24 is divided by k.
3
Suppose 2*i + 1 = 5. Let n(b) = b**2 - 2*b + 2. Calculate the remainder when 2 is divided by n(i).
0
Let z be -3*(4 - 3) + 3. Calculate the remainder when (-2)/(2/(-41) + z) is divided by 14.
13
Suppose 3*q - 87 + 15 = 0. Suppose 5*i + q = 129. Calculate the remainder when 41 is divided by i.
20
Suppose -5*t + 77 = 67. What is the remainder when 8 is divided by t?
0
Suppose 5*f - 714 = -f. What is the remainder when f is divided by 30?
29
Suppose -3*a + 6*a - 36 = 0. Suppose 0 = 4*d - 3*o - 203, -5*d + d = 3*o - 173. What is the remainder when d is divided by a?
11
Suppose -2*p = -p + 3*a - 8, -2*p + 34 = -3*a. Let n(u) = -u**3 + 6*u**2 - 6*u - 2. Let t be n(5). Let d = -2 - t. What is the remainder when p is divided by d?
4
Suppose 3*o + o = 5*f + 413, 0 = -o - 2*f + 87. What is the remainder when o is divided by 11?
9
Suppose 13*q - 90 = 8*q. What is the remainder when 33 is divided by q?
15
Let r(l) = -l**2 + 1. Let b be r(0). Let y be 6/(2/4 + b). Suppose -y*o - 4*h = -32, o + 0*o + 1 = 2*h. Calculate the remainder when 14 is divided by o.
4
Let p(n) = -n**2 - 12*n + 14. Let y(z) = z**3 + 6*z**2 - 9*z - 2. Calculate the remainder when p(-10) is divided by y(-7).
10
Let u(p) = -p + 3. Let v be u(0). Suppose 0*t - v*t = -33. Calculate the remainder when 19 is divided by t.
8
Let l = -2 - -13. What is the remainder when l is divided by (2/(-8))/((-10)/440) + -3?
3
Suppose c + 0*h = h + 11, 4*c - 5*h = 41. What is the remainder when 195 is divided by c?
13
Let j(p) = -p**3 + 7*p**2 + 2*p - 8. Suppose 3*h = -4*z + 21, 6*h - 3*h - 30 = -z. What is the remainder when h is divided by j(7)?
5
Let g be ((-2)/(-6)*0)/(-2). Let q = 18 + g. Calculate the remainder when q is divided by 7.
4
Suppose -3*u + 0*u + 51 = 0. Let m = -11 + u. Calculate the remainder when 16 is divided by m.
4
Suppose -5*l + 52 = 4*p, 6*l = l + 3*p + 66. Suppose -t = -3 - l. Calculate the remainder when 59 is divided by t.
14
What is the remainder when 47 is divided by (-2)/10 + 816/80?
7
Let o(h) = -8*h**2 - h**3 + 0*h**3 + 2 - 10*h - 12. Suppose 5*g - g = -28. Calculate the remainder when 20 is divided by o(g).
9
Suppose 0 = 3*f + 2*f - 150. Suppose 8*r - 3*r + 28 = n, -5*n + 3*r + f = 0. Let y(d) = d + 5. Calculate the remainder when y(0) is divided by n.
2
Let k = -4 + 10. Let w = k + 1. What is the remainder when 25 is divided by w?
4
Let i(u) = u**3 + 11*u**2 + 10*u + 16. What is the remainder when i(-4) is divided by 47?
41
Let h = 7 + -7. Suppose 4*v - 5*v + 13 = h. Let z = -5 + 13. What is the remainder when v is divided by z?
5
Let i(a) = a**3 + 17*a**2 - 4*a + 1. Let o be i(-17). Suppose -4*u = -o - 27. What is the remainder when u is divided by 1*-1*9*-1?
6
Let p(g) = g**3 - 4*g**2 - 3. What is the remainder when (10/6)/(4/156) is divided by p(5)?
21
Let k be 64 - (-2 + 0)/2. Suppose -k = -5*q - 0*p + 5*p, 5*q + 2*p - 30 = 0. Suppose 8*h - 10*h = -46. Calculate the remainder when h is divided by q.
7
What is the remainder when 40 is divided by (-1368)/(-99) - 2/(-11)?
12
Suppose -2*u + q = -13, q = u + 5*q + 7. Let r = -17 - -3. Let d = -1 - r. Calculate the remainder when d is divided by u.
3
Let f = 121 - 106. Calculate the remainder when 52 is divided by f.
7
Let b = -101 - -122. Suppose -5*w + 10*w + 75 = 0. Let p = b + w. Calculate the remainder when 23 is divided by p.
5
Let y(n) = 3*n**2 + n - 1. Let b be y(2). Suppose -b = 2*a - 39. Calculate the remainder when 25 is divided by a.
12
Calculate the remainder when 35 is divided by 19 - (-2 + -1) - 3.
16
Let k(p) = -p**3 + 3*p**2 + 2*p - 2. Let h(s) = -s + 2. Let o be h(0). Calculate the remainder when 16 is divided by k(o).
4
Let a(m) be the third derivative of m**4/24 - 5*m**3/6 - 2*m**2. What i